actor of t and b?
7
Let r be (-12)/(-12)*(40 + -3 + 3). Suppose 8*a - 3462 - 2298 = 0. What is the greatest common divisor of r and a?
40
Let j(l) = -32 + 61 - 30. Let a(r) = r + 15. Let k(q) = a(q) + 2*j(q). Let c be k(3). What is the highest common factor of c and 4?
4
Let q = -225 + 212. Let g(h) = 2*h**3 + 25*h**2 - 20*h - 31. Let i be g(q). Calculate the greatest common divisor of 30 and i.
30
Let m = -9310 + 9634. Calculate the greatest common divisor of 3078 and m.
162
Let u(m) = 5*m**2 - 3*m + 198. Let b be u(0). Calculate the highest common divisor of b and 1287.
99
Let q(g) = 5*g + 1. Let f be q(2). Suppose 83*w - 89*w = 1344. Let k = w - -345. What is the greatest common divisor of f and k?
11
Suppose 0 = 4*n - 43 + 23. Suppose 2185 + 1870 = n*f. Suppose -3*p + 149 = -f. Calculate the highest common factor of 40 and p.
40
Let f = 118 + -55. Suppose -10*d + f + 337 = 0. Suppose 0 = -5*c - d + 75. Calculate the greatest common factor of c and 14.
7
Suppose 0 = 8*u + u + 36. Let p be 10 + -1 + 12/u. Let c be 0 - (117/p*-2 - -3). Calculate the greatest common divisor of 24 and c.
12
Suppose -4*s + 42 = 3*s. Suppose 11 - 41 = s*b. Let n be 78/10 + b/(-25). What is the highest common divisor of 28 and n?
4
Suppose 5*q - 90 = -5*l, 4*l + 5*q = 122 - 47. Let d(v) = v**2 - 12*v + 10. Let j be d(l). What is the highest common factor of j and 44?
11
Let a(b) = 2*b**2 - 27*b + 4. Suppose 15*w - 128 - 67 = 0. Let s be a(w). Let l be s + 10 - (-55 + 1). Calculate the highest common divisor of 11 and l.
11
Let o(v) = 6*v**2 + v. Let g(n) = -n**2 - 2*n + 2. Let p be g(-3). Let r be o(p). Let b be r/(2 + 3) + 6. Calculate the highest common factor of b and 49.
7
Suppose -39*c + 5842 - 2098 = 0. Suppose 3*g + 1341 = 2*k, 4*k - 3*k - 669 = 3*g. Calculate the highest common factor of c and k.
96
Suppose 4*a + b = 662, 112 = 3*a - 4*b - 413. Calculate the highest common factor of a and 167.
167
Let x(d) = 2*d**3 - 4*d**2 + 9*d. Let v be x(4). Let j be 4 + 1/(-3)*-1*63. Calculate the greatest common factor of j and v.
25
Let v(r) = 24*r + 8. Let q(b) = 2*b - 1. Let d(z) = 6*q(z) - v(z). Let h be d(-4). Calculate the highest common divisor of h and 170.
34
Let x be (-7416)/(-10) + 2 + 4/10. Suppose 27*s - x = 19*s. What is the highest common divisor of s and 124?
31
Let z(i) = 69*i - 69. Let o be z(1). Suppose -v = p - 31, -p + v + o = -29. What is the highest common divisor of 210 and p?
30
Let r be ((-8)/14 - 0) + 296/28. Let m be 30/(-9)*(-204)/r. Let l = 80 - m. Calculate the highest common factor of l and 18.
6
Let t = 6409 + -5909. What is the greatest common factor of 3125 and t?
125
Let l(n) = 17*n - 1207. Let y be l(98). Let t = -81 + 108. What is the highest common factor of y and t?
27
Let f be 3304/168 + ((-56)/12 + 2 - -3). Calculate the greatest common divisor of f and 1440.
20
Let h = 4061 - -23408. Calculate the greatest common divisor of h and 13.
13
Suppose -17*b + 115609 = 103114. What is the greatest common factor of b and 560?
35
Let q(m) = 2*m - 38. Let u be q(22). Suppose g - 34 = -g. Let v = 23 - g. What is the greatest common factor of u and v?
6
Let x(q) = -q**2 - 7*q - 4. Let b be x(6). Suppose 16*n + 13*n = 31*n + 172. Let v = b - n. Calculate the highest common factor of 36 and v.
4
Let w be (8 - 464/28)/((-1)/7). Suppose -459*i + 454*i = -w. What is the greatest common factor of 60 and i?
12
Suppose 8*d - 14*d = -90. Suppose -87 = -3*k + t, -k = -2*t + 6*t - 42. Calculate the greatest common factor of k and d.
15
Let u = 13 + -6. Suppose 3*q + u + 4 = -k, -4*k + q = -21. Suppose -10*y + 3*w = -332, y - w = -6*w + 12. What is the greatest common divisor of k and y?
4
Let u(a) = -a**2 - 16*a - 51. Let c = -729 + 719. Let s be u(c). Calculate the highest common factor of 18 and s.
9
Let k(z) = 1337*z - 5554. Let r be k(5). Calculate the greatest common divisor of 65 and r.
13
Suppose 4*v + 375 = n, 0 = -2*n + 4*v + 306 + 424. Let h(o) = -2*o**3 - 86*o**2 - 318*o - 92. Let p be h(-39). Calculate the greatest common divisor of p and n.
71
Suppose 489 = 4*w - 4*v - 623, -1399 = -5*w - 4*v. Let j(p) = 9*p**3 - 74*p**2 + 7*p + 103. Let z be j(8). Calculate the highest common factor of w and z.
31
Let l(a) = 230*a - 166. Let t be l(1). Calculate the greatest common divisor of 3904 and t.
64
Suppose 3*v - 138 = -5*p, 387 = 2*p + 399. Suppose 2*g - 4*g + 64 = 0. What is the highest common divisor of v and g?
8
Let h be ((-522)/(-42) + 15)/((-1)/(-84)). Calculate the greatest common factor of h and 168.
24
Suppose 85*j + 8827 - 35412 - 17530 = 0. What is the highest common factor of j and 7439?
173
Suppose 5*v - 45 = -0*q - 5*q, -3*v = 0. Suppose -q*n + 4*n + 1620 = 0. What is the greatest common divisor of 72 and n?
36
Let f be (16/(-10))/((-4)/30). Let j be -5*(-2 + -2)*((-2422)/(-70) - 33). Calculate the greatest common factor of j and f.
4
Let o(j) = -6*j + 67. Let p be (12240/130)/12 - (-4)/26. Let g be o(p). Let d be (-57)/2*20/(-15). Calculate the highest common factor of g and d.
19
Suppose -13*x - 89059 = 9*x - 51*x. What is the highest common factor of 37 and x?
37
Let w = 577 - 455. What is the highest common divisor of 183 and w?
61
Let s = 71 + -49. Let u = -20 + s. Suppose l + 2 - 3 = u*g, 3*g + 5 = 5*l. Calculate the highest common divisor of l and 1.
1
Suppose 3*h - 10*k - 60 = -13*k, -4*h + 5*k = -98. Suppose -3*p = -6 - 0, 4*j - 3*p = h. What is the greatest common factor of j and 203?
7
Suppose 8*f - 12 = 5*f. Suppose 13*c = 5*x + 16*c - 35, 5*c + 65 = 4*x. Calculate the highest common divisor of x and f.
2
Let v(t) = t**3 + 55*t**2 - 3*t - 60*t**2 - 3*t. Let u be v(6). Suppose u*i - 150 = -5*i. Calculate the highest common divisor of 6 and i.
6
Let z be ((-126)/(-245) - 16/(-56))*(-1 + 121). Calculate the highest common divisor of 2208 and z.
96
Let i = 16169 - 15737. What is the greatest common divisor of 1566 and i?
54
Suppose -15*l = -16*l + 557. Let s = -405 + l. Calculate the highest common factor of s and 16.
8
Suppose -34*p - 357 = -51*p. Let f(m) = 3*m**3 + m**2 - m + 1. Let o be f(1). Let t be (-224)/8*(-5)/o. Calculate the highest common factor of p and t.
7
Suppose -16*k + 116 = 4*j - 20*k, 4*j - k - 113 = 0. What is the highest common factor of j and 343?
7
Let f = 13994 - 13948. Calculate the highest common factor of 12926 and f.
46
Let z = -12481 + 12577. Calculate the highest common divisor of 15104 and z.
32
Let i(j) = j**2 - 8*j + 2. Let f be i(8). Suppose 3*d = -3, 11 + 3 = f*g - 4*d. What is the greatest common divisor of g and 215?
5
Suppose 10 = w + 4*a, -a = 5*w + 4*a + 10. Let v be (-4)/6 + (-652)/w. Let g = 114 - v. What is the highest common divisor of 6 and g?
6
Suppose 0 = -2*w - 5*o + 92, -3*o + 34 = w - 10. Calculate the highest common factor of 664 and w.
8
Let c be 5 - (8/6)/(20/30). Suppose 0 = 3*q - 3*u + 7 - 1, c*u = 3. Let g be q*-20*(-12)/(-8). Calculate the highest common divisor of 20 and g.
10
Suppose -5*x - 4*i = 346 - 947, 2*x + 3*i = 246. What is the highest common divisor of 949 and x?
13
Let u(i) = 1 + 0 + 51 - 24 - 23*i + 2*i**2. Let q be u(14). What is the highest common divisor of q and 49?
49
Let i = 3352 - 2997. What is the highest common factor of 1207 and i?
71
Let p = -4835 + 5201. Calculate the highest common factor of 61 and p.
61
Suppose -q - 5*m + 205 = 0, 5*m - 10 = -5. Let i(x) = 70*x - 480. Let c be i(9). What is the greatest common factor of q and c?
50
Suppose 5*b + 3*y - 32 = 0, 0 = 4*b - 3*y - y. Suppose 277 = 4*u + 5*x, 131 = -b*u + 6*u + x. Calculate the greatest common factor of u and 9.
9
Let a(z) = -6*z**3 + 206*z**2 + 154*z - 100. Let h be a(35). Calculate the greatest common divisor of 3770 and h.
130
Let i be (-5 + (3 - 0))*-12. Let r(w) = 5*w + 33. Let o be r(-6). Suppose -o*v + 58 = 4*j, -3*j - 2*j = 5*v - 95. What is the highest common divisor of i and v?
6
Let h(d) = -1. Let y(w) = -w - 45. Let q(j) = 3*h(j) - y(j). Let b be q(-12). Let o be (-10)/(-4)*(3 + 5). Calculate the highest common divisor of b and o.
10
Let i(c) = 250*c - 674. Let m be i(6). What is the highest common factor of 7 and m?
7
Let b(a) = 10*a**2 + 7*a. Let g be b(2). Let f(q) = -28*q - 10 - g + 23. Let z be f(-5). Calculate the greatest common factor of 9 and z.
9
Let 